5, 157
Suppose 19*a - 21*a + 258 = 0. List the prime factors of a + 4/6*12/(-8).
2
Suppose -32*f + 59*f - 41445 = 0. What are the prime factors of f?
5, 307
Let o(y) = y - 8. Let r be o(10). Suppose r*q - q = 50. Suppose c - 3*c = -q. List the prime factors of c.
5
List the prime factors of ((-700)/(-150))/(2/2373).
7, 113
Suppose k = 5*k + 5*f, 5*k + 2*f = 17. Suppose 0*o + 2*o + 4 = 2*a, -k*a + 18 = 3*o. Suppose a = -g, 3*w + 2*g = -w + 250. List the prime factors of w.
2
Let v = 207 + -135. Let x = v + 16. What are the prime factors of (1 - 3)/((-8)/x)?
2, 11
Let o(i) = 2*i**2 - 7*i + 7. Suppose -3*y + 72 = 4*h, -3*y - 5*h = y - 95. Suppose l = -3*l + y. What are the prime factors of o(l)?
2, 11
Let u(r) = -r**3 + 12*r**2 - 10*r - 15. Let z be u(11). Let d be (-312)/9*(z - -1). Suppose -10*i + d = -8*i. List the prime factors of i.
2, 13
Let m(j) = j**3 + j**2 + j + 12. Let o be m(0). Let y = 20 - o. Suppose 32 = 5*x - y. What are the prime factors of x?
2
Suppose -26 + 29 = 3*u. Suppose 3*h - u - 5 = 0. Suppose -h*f + 81 = -3*w - 56, -f = -5*w - 65. List the prime factors of f.
2, 5, 7
Suppose 2*s = -3*i + 3278 + 2446, 3*i - 5724 = s. List the prime factors of i.
2, 3, 53
Suppose 5484*t - 5482*t - 694 = 0. List the prime factors of t.
347
Let t = -1827 - 142. List the prime factors of 4/(-7) + t/(-77).
5
Let w(k) = 5*k - 2. What are the prime factors of w(24)?
2, 59
Let w = 5 + -12. Let i = w - -8. Let j(g) = 20*g**3 - 2*g**2 + 2*g - 1. What are the prime factors of j(i)?
19
Let h(i) = -33*i + 51. What are the prime factors of h(-10)?
3, 127
Let t be 0 + (37 - -1) + 0. Let x be (-749)/(-49) - (-2)/(-7). Let u = x + t. What are the prime factors of u?
53
Suppose -10 = -5*f - 0. Suppose -3*z + 508 = -4*i, -f*i + 866 = 5*z + i. What are the prime factors of z?
2, 43
Let q(j) = -61*j - 17. Let t be q(-4). Let z = t + -145. List the prime factors of z.
2, 41
Suppose 0 = 9*u - 34906 + 11065. What are the prime factors of u?
3, 883
Let t be -2 + 4 - (2/2 - -1). Suppose m = 5*f - 2*m - 973, 2*f + 4*m - 410 = t. List the prime factors of f.
197
Let d(f) = 4*f**2 + 7*f + 12. Let j(s) = -7*s**2 + 5*s + 5. Let v be j(-1). List the prime factors of d(v).
3, 53
Let z(l) = 172*l**3 - 2*l + 1. Let i be z(1). Suppose 0 = 5*r - 94 - i. What are the prime factors of r?
53
Let w = 17 + -17. Suppose 4*z - 2*u - 282 = w, -3*u - 121 - 86 = -3*z. List the prime factors of z.
2, 3
Suppose 5*k + 98 = 98. Suppose k = -8*c + 89 + 575. What are the prime factors of c?
83
Let w be (-4)/6 - ((-20)/3 + 0). Suppose t + 3*a + 402 = 3*t, 3*a - w = 0. List the prime factors of t.
2, 3, 17
Suppose 5*o = 3*n + 10, 2 = -4*o - 3*n + 37. Suppose -4*m - 5*w - 333 = -1388, -2*m = o*w - 525. What are the prime factors of m?
5, 53
Let i(q) = q**2 - 10*q - 6. Let p be (-434)/49 + 2/(-14). Let j be i(p). Suppose 29 = -4*v + j. List the prime factors of v.
2, 17
What are the prime factors of 253 + (48/(-264) - (-114)/22)?
2, 3, 43
Let f(n) = n**2 - 71*n + 533. List the prime factors of f(7).
5, 17
Let m = 1275 - 886. Let d = 557 - m. What are the prime factors of d?
2, 3, 7
Suppose 0 = 13*n + 2*n - 315. What are the prime factors of n?
3, 7
Suppose 0*y = y - 4. Suppose -4*o + 3*f = 165, 4*o = 8*f - 6*f - 166. List the prime factors of -1*y/(8/o).
3, 7
Let f(x) = 14 + 0*x**2 - 12*x - x**3 - 2 + 12*x**2 + 2*x**3. Let z be f(-13). What are the prime factors of (-59)/(-6) + z/(-6)?
2, 5
Let j(h) = -h**2 + 11*h - 17. Let r be j(12). Let b = r + 102. What are the prime factors of b?
73
List the prime factors of ((-1420)/8)/(5/(-4)).
2, 71
Suppose -3*s + 1808 = -0*s + 2*i, s = 5*i + 614. What are the prime factors of s?
2, 151
Let v(i) = i + 11. Let m be v(-7). Suppose 0 = -2*c + m*j - 9 - 11, 5*c = -5*j - 80. List the prime factors of (0 - -46)*c/(-28).
23
Let x be (-2 - (-18 - 1)) + 0. Let h = x - 5. Suppose h = 5*t + q, 5*q + 0*q - 18 = -4*t. What are the prime factors of t?
2
Let j = -75 - -1228. List the prime factors of j.
1153
Let w(d) be the second derivative of 5*d**4/4 - d**3/2 - d**2 + 22*d. What are the prime factors of w(-2)?
2
Let z(c) = 2*c**2 + 4*c - 6. Let n be z(9). Suppose 0*d + 2*d = 3*a - n, -5*a = -d - 327. What are the prime factors of a?
2, 3, 11
Suppose 4*j - 37 = 3. Suppose 4*r + 2 = j. Suppose -22 = -3*d + r*g, -7*g + 2*g = 2*d - 40. What are the prime factors of d?
2, 5
Let j(y) = 2*y**2 + 25*y + 4 - y**2 - 24*y. Let a be j(5). Let v = a + -22. List the prime factors of v.
2, 3
Let p(l) be the second derivative of 23*l**3/6 - 3*l**2/2 - 11*l. What are the prime factors of p(4)?
89
Suppose 67*r = 73*r - 6810. List the prime factors of r.
5, 227
Let w(h) = 2*h**2 + 4*h. Let t be w(-3). What are the prime factors of t/4 - (-1750)/20?
89
Let l(r) = r**2 + r + 1. Let v(u) = u**2 - 5*u**2 + 2*u**2 - 2*u - u**2. Let y(o) = 4*l(o) + v(o). What are the prime factors of y(-4)?
2, 3
Suppose 827 + 713 = 7*o. What are the prime factors of o?
2, 5, 11
Let f(s) be the third derivative of s**5/30 - 7*s**4/24 - 10*s**3/3 + 27*s**2. List the prime factors of f(-6).
2, 47
Suppose -4*s + 4*m - 3*m - 1 = 0, -4*m + 4 = 2*s. Suppose -4*g - 3*j + 181 = s, 2*j + 108 = -g + 3*g. List the prime factors of g.
7
Let c(z) = 3*z**2 + 2*z. Let j be c(-9). Suppose -j = -6*i + 3*i. What are the prime factors of i?
3, 5
Let s(i) = -i**2 - 8*i - 8. Let u be s(-6). Suppose -m - 4*d = 3*m - 316, -u*m + 3*d + 309 = 0. What are the prime factors of m?
2, 3, 13
Let c(s) = 9*s + 7. Let w(f) = -14*f - 9. Let h(n) = 29*n + 18. Let z(t) = 6*h(t) + 15*w(t). Let o(k) = -21*c(k) - 5*z(k). What are the prime factors of o(-5)?
3, 11
Suppose -32*f = -41*f + 5904. What are the prime factors of f?
2, 41
List the prime factors of (-1144 - -22)/(9/(-30)).
2, 5, 11, 17
Let f = 3568 - 312. List the prime factors of f.
2, 11, 37
Let d = 5670 - 3528. What are the prime factors of d?
2, 3, 7, 17
Suppose -2*a + 87*n = 83*n - 1390, -2*a - 2*n + 1408 = 0. What are the prime factors of a?
701
What are the prime factors of ((-12051)/27)/(3 + (-10)/3)?
13, 103
Let d(z) be the third derivative of 13*z**5/60 + z**4/6 - z**3/6 + 2*z**2. What are the prime factors of d(-3)?
2, 13
Let b(x) = -27*x + 30. What are the prime factors of b(-3)?
3, 37
Let c(i) = -i**3 - i**2 - i. Let k(b) = -b**3 - 11*b**2 + 9*b - 5. Let g(q) = 2*c(q) - k(q). Suppose 18*l - 14*l = 28. What are the prime factors of g(l)?
2, 13
List the prime factors of ((-2)/(-5) + (-16133)/170)*-10.
3, 5, 7
Let p(n) = 174*n**3 - n**2 - 2. What are the prime factors of p(2)?
2, 3, 7, 11
List the prime factors of ((5572/7)/4)/((-3)/(-21)).
7, 199
Let f = 18 - 139. Let w = f - -179. What are the prime factors of w?
2, 29
Suppose -3*n + 3*y = -2*n - 10, 0 = -4*n + 2*y + 20. Suppose -5*t + 5*g + 145 = 0, -n*t + 6 + 111 = -5*g. What are the prime factors of t?
2, 7
Suppose q - 2*b = 2*b + 51, 5*q + 4*b = 183. List the prime factors of q.
3, 13
Suppose 3*r + 3*n - 587 = -2*r, 2*r - 232 = -4*n. Suppose -968 + r = -10*c. What are the prime factors of c?
5, 17
Let c = -574 + 886. What are the prime factors of c?
2, 3, 13
Suppose 5*r - 30 = b, 0 = 3*b - 4*r + 134 - 44. Let t = 22 - b. List the prime factors of t.
2, 13
What are the prime factors of 119238/150 + 6/75?
3, 5, 53
Let n(z) = 2*z**2 + 2*z - 3. Let o be n(-3). Suppose -o*d - 4*d = -559. What are the prime factors of d?
43
Suppose 9*i = 3*i - 72. Let y be 3/i - (-15)/12. Suppose -2*n + 4*x + y = -23, 3*x - 6 = 0. What are the prime factors of n?
2
Let h = -1189 - -1695. List the prime factors of h.
2, 11, 23
Let h(l) be the first derivative of 3*l**2/2 - 3*l + 3. Let g be h(6). What are the prime factors of 13 - g - 62*-1?
2, 3, 5
Suppose -4*k - 746 + 7050 = 0. List the prime factors of k.
2, 197
Let m = 18 + -2. Let g(k) = k**3 - 16*k**2 + 2*k - 24. List the prime factors of g(m).
2
Let w = 150 + -130. Suppose -w = -5*p, 3*p - 153 = -5*h + 344. What are the prime factors of h?
97
List the prime factors of (-513)/(-3) - 0*3/(-9).
3, 19
Let b(p) = p**3 - 5*p**2 - 12*p + 5. Let m(a) = -3*a - 20. Let z be m(-9). List the prime factors of b(z).
19
Let a(q) = -3*q + 10. Let v be a(-9). Let g = 140 - v. Let i = 145 - g. List the prime factors of i.
2, 3, 7
Suppose -11*i - 5*u = -6*i - 985, -i + 3*u + 193 = 0. What are the prime